{"id":13493,"date":"2025-08-24T12:47:47","date_gmt":"2025-08-24T11:47:47","guid":{"rendered":"https:\/\/elindra.de\/?page_id=13493"},"modified":"2025-08-24T13:54:46","modified_gmt":"2025-08-24T12:54:46","slug":"lemurien-mu","status":"publish","type":"page","link":"https:\/\/elindra.de\/?page_id=13493","title":{"rendered":"Lemurien &#038; Mu"},"content":{"rendered":"\n<h2>Einst &#8230; zu lemuriansichen Zeiten &#8230; <\/h2>\n\n\n\n<h2>war eine heilige und vereinende Liebe auf Erden &#8230; <\/h2>\n\n\n\n<h2>f\u00fchlbar, greifbar f\u00fcr alle Wesen &#8230; alles war erf\u00fcllt mit Liebe &#8230;<\/h2>\n\n\n\n<h2>doch dann urpl\u00f6tzlich wurde sie der Erde und unseren Herzen entrissen &#8230; <\/h2>\n\n\n\n<h2>Dunkelheit kam \u00fcber die Erde und ihre Bewohner &#8230; <\/h2>\n\n\n\n<h2>alles wurde getrennt und entzweit &#8230; f\u00fcr eine unendlich lange Zeit &#8230;<\/h2>\n\n\n\n<h2>doch schlie\u00dflich wurde es wieder lichter auf Erden und in unseren Herzen &#8230; <\/h2>\n\n\n\n<h2>darum ist es nun m\u00f6glich, dass diese Liebe nun wieder zu uns zur\u00fcck kehrt &#8230; <\/h2>\n\n\n\n<h2>Schritt f\u00fcr Schritt &#8230; kehrt sie nun zur\u00fcck <\/h2>\n\n\n\n<h2>und m\u00f6chte wieder Raum nehmen in unseren Herzen &#8230;<\/h2>\n\n\n\n<h2>diese heilige Liebe von Einst &#8230; ist die in uns wachsende Liebe von Heute &#8230; <\/h2>\n\n\n\n<h2>sie ist die zur\u00fcckkehrende Liebe Lemuriens &#8230; auch Mu genannt &#8230;<\/h2>\n","protected":false},"excerpt":{"rendered":"<p>Einst &#8230; zu lemuriansichen Zeiten &#8230; war eine heilige und vereinende Liebe auf Erden &#8230; f\u00fchlbar, greifbar f\u00fcr alle Wesen &#8230; alles war erf\u00fcllt mit Liebe &#8230; doch dann urpl\u00f6tzlich wurde sie der Erde und unseren Herzen entrissen &#8230; Dunkelheit kam \u00fcber die Erde und ihre Bewohner &#8230; alles wurde getrennt und entzweit &#8230; f\u00fcr eine unendlich lange Zeit &#8230; doch schlie\u00dflich wurde es wieder lichter auf Erden und in unseren Herzen &#8230; darum ist es nun m\u00f6glich, dass diese Liebe nun wieder zu uns zur\u00fcck kehrt &#8230; Schritt f\u00fcr Schritt &#8230; kehrt sie nun zur\u00fcck und m\u00f6chte wieder Raum&hellip;<\/p>\n","protected":false},"author":2,"featured_media":0,"parent":0,"menu_order":4,"comment_status":"closed","ping_status":"closed","template":"","meta":[],"_links":{"self":[{"href":"https:\/\/elindra.de\/index.php?rest_route=\/wp\/v2\/pages\/13493"}],"collection":[{"href":"https:\/\/elindra.de\/index.php?rest_route=\/wp\/v2\/pages"}],"about":[{"href":"https:\/\/elindra.de\/index.php?rest_route=\/wp\/v2\/types\/page"}],"author":[{"embeddable":true,"href":"https:\/\/elindra.de\/index.php?rest_route=\/wp\/v2\/users\/2"}],"replies":[{"embeddable":true,"href":"https:\/\/elindra.de\/index.php?rest_route=%2Fwp%2Fv2%2Fcomments&post=13493"}],"version-history":[{"count":9,"href":"https:\/\/elindra.de\/index.php?rest_route=\/wp\/v2\/pages\/13493\/revisions"}],"predecessor-version":[{"id":13527,"href":"https:\/\/elindra.de\/index.php?rest_route=\/wp\/v2\/pages\/13493\/revisions\/13527"}],"wp:attachment":[{"href":"https:\/\/elindra.de\/index.php?rest_route=%2Fwp%2Fv2%2Fmedia&parent=13493"}],"curies":[{"name":"wp","href":"https:\/\/api.w.org\/{rel}","templated":true}]}}