{"id":164,"date":"2009-01-07T23:10:10","date_gmt":"2009-01-07T22:10:10","guid":{"rendered":"http:\/\/elindra.de\/?page_id=164"},"modified":"2015-12-31T14:23:22","modified_gmt":"2015-12-31T14:23:22","slug":"meine-drachenschulzeit-1","status":"publish","type":"page","link":"https:\/\/elindra.de\/?page_id=164","title":{"rendered":"Dracheneier ~ Junge Drachen"},"content":{"rendered":"<h1 style=\"text-align: center;\"><span style=\"color: #ffffff;\">.<\/span><\/h1>\n<p><span style=\"color: #ffffff;\">.<\/span><\/p>\n<h1 style=\"text-align: center;\"><span style=\"color: #333333;\"><strong><em>Elindra&#8217;s Drachenwelten<\/em><\/strong><\/span><\/h1>\n<p style=\"text-align: center;\"><span style=\"color: #333333;\">Inge Schmitzberger<\/span><\/p>\n<h3 style=\"text-align: center;\"><span style=\"color: #333333;\"><strong><em>Dracheneier\u00a0<\/em><\/strong><\/span><\/h3>\n<p><span style=\"color: #333333;\"><em>\u00a0<\/em><\/span><\/p>\n<h6><span style=\"color: #333333;\"><em>Erneut nahm ich auf meinen Stuhl platz und begab mich in meine eigene Meditation. All meine Alltagssorgen atmete ich mit mehreren tiefen Atemz\u00fcge aus und lie\u00df sie so weit hinter mir. So kam ich immer mehr in meinen inneren Frieden und zur Ruhe. Schlie\u00dflich verband ich mich mit meiner Seele und mit meinem Herzen, lie\u00df ihre Liebe in mir Raum nehmen und mein Herz weit werden. In meinen Gedanken betrat ich nun mein Herz und somit war ich nun auch v\u00f6llig eingeh\u00fcllt mit meiner Herzensliebe. Eingeh\u00fcllt und erf\u00fcllt mit der Liebe meiner Seele und meines Herzen begab ich mich nun auf meine mentale Reise zu den Drachen.<br \/>\n<\/em><\/span><\/h6>\n<h6><span style=\"color: #333333;\"><em>Zielstrebig betrat ich geistig die Insel und mein Weg f\u00fchrte mich unbeirrt zu Numerian. Freundlich neigte er seinen Kopf zum Grusse, so wie er es stets tat. Auch ich nickte, aber nur sehr kurz und ohne meine Schritte zu drosseln, denn mein Ziel war er. Schwungvoll schlang ich meine Arme um seinen kr\u00e4ftiger Hals und freudig dr\u00fcckte ich ihn an mich \u2013 oder sollte ich vielleicht besser sagen \u2013 dr\u00fcckte ich mich an ihn. Z\u00e4rtlich streichelte ich ihn \u00fcber seinen Kopf und st\u00fcrmisch gab ihm einen dicken Begr\u00fc\u00dfungskuss auf seine Wange. Sofort h\u00fcllten seine Energien mich ein und ein Gef\u00fchl der Geborgenheit und des Willkommenseins machten sich in mir breit. Genussvoll lie\u00df ich mich in seine Energien hinein gleiten.<\/em><i>Oh, wie ich dieses Gef\u00fchl liebte. So willkommen gehei\u00dfen zu werden. Vorurteilslos angenommen zu sein. Egal der Schw\u00e4chen, egal aller Fehler, die man denkt zu besitzen. Bei den Drachen hatte ich nie das Gef\u00fchl mich verstellen oder mich von meiner sch\u00f6nen Seite zeigen zu m\u00fcssen. Sie nahmen mich so an, wie ich eben war. Auch war es mir nur zu gut bewusst, mich zu verstellen h\u00e4tte eh nichts gebracht, denn Drachen besitzen die ph\u00e4nomenale F\u00e4higkeit, wenn sie dir in die Augen schauen, bis auf den Grund deiner Seele blicken zu k\u00f6nnen und sie erkennen genau, wer oder was du in Wirklichkeit bist.<\/i><\/span><\/h6>\n<h6><span style=\"color: #333333;\"><i>W\u00e4hrend ich also so bei Numerian sa\u00df und mich gen\u00fcsslich an seinen gro\u00dfen K\u00f6rper kuschelte, sprach er pl\u00f6tzlich zu mir: \u201eNun rufe endlich die Dracheneier!\u201c<\/i><\/span><\/h6>\n<h6><span style=\"color: #333333;\"><i>\u00c4h, verdutzt blickte ich ihn nur verst\u00e4ndnislos an. Dracheneier? Welche Dracheneier? Ich wusste nicht von was oder von wem er sprach. Aber nur einen kleinen Wimpernschlag sp\u00e4ter sah ich auch schon die Alpen vor mir und einen Schwall voller Informationen breitete sich augenblicklich innerhalb meiner Gehirnwindungen aus. Pl\u00f6tzlich wusste ich, dass sehr viele Dracheneier in den Alpen auf ihre Erweckung hofften. Sie ruhten dort in einer Art Schlaf. Viele kleine Drachen, die in ihren Eiern darauf warteten gerufen zu werden, um endlich wieder zur\u00fcck ins Leben zu kommen. Dracheneier, die vor Tausenden von Jahren dort von Drachinnen versteckt worden waren, um die Zeit zu \u00fcberdauern bis es endlich f\u00fcr sie wieder m\u00f6glich sein wird auf der Erde zu leben, wenn auch nicht mit einem physischen, so doch mit einem energetischen K\u00f6rper. Und durch mein inneres Auge sah ich viele Eier, sicher eingegraben in tiefe Schichten des Gesteins. Jede Menge junge Drachen lagen dort sicher und geborgen in ihren Eih\u00fcllen, die nun alle wieder leben wollten. Und genau diese sollte ich rufen!<\/i><\/span><\/h6>\n<p><span style=\"color: #333333;\">\u00a0<\/span><\/p>\n<p lang=\"de-DE\" align=\"CENTER\"><span style=\"color: #333333;\">~<\/span><\/p>\n<h6><span style=\"color: #333333;\">Am Abend vor dem Einschlafen kamen mir die Dracheneier erneut in den Sinn. Zweimal hatte mich Numerian nun schon aufgefordert sie zu rufen und noch immer hatte ich es nicht getan. Seine Stimme war mittlerweile sehr dr\u00e4ngend geworden \u2013 also war es wichtig. Ja, es war Zeit es zu tun. Noch nie hatte ich Drachen gerufen und auch keinerlei Erfahrung darin. Aber nichtsdestotrotz wollte ich mein Gl\u00fcck versuchen.<\/span><\/h6>\n<h5><span style=\"color: #333333;\"><i>Kurzerhand sandte ich einen mentalen Ruf in Richtung der Dracheneier und zu den jungen Drachen darin, in der Hoffnung, dass sie mich h\u00f6rten: <\/i>&#8222;<i>Ich, Inge, rufe die schlafenden Dracheneier in den Alpen. Bitte erwacht zu neuem Leben. Es ist nun die Zeit, dass ihr wieder Leben k\u00f6nnt.\u201c Kurz lauschte ich in Richtung Berge und wartete auf eine Regung oder irgendein Zeichen der kleinen Drachen. Doch leider vernahm ich keinerlei Reaktion auf meinen Ruf. Auch hatte ich nicht den Eindruck, dass mir jemand zugeh\u00f6rt hatte, geschweige denn die kleinen Drachen in ihren Eiern.<\/i><\/span><\/h5>\n<h5><span style=\"color: #333333;\"><i>Erneut richtete ich meine ganze Gedankenkraft auf die Berge aus und hier ganz speziell zu den kleinen, schlafenden Drachen. Gezielt sandte ihnen meinen Ruf nun etwas fordernder entgegen. Doch leider\u2026 wieder keinerlei Regung\u2026 kein Lebenszeichen kam mir entgegen. Noch einige Male wiederholte ich meinen Ruf mit voller Inbrunst. Doch tief in mir wusste ich, meine Aufforderungen blieb ungeh\u00f6rt.<\/i><\/span><\/h5>\n<h5><span style=\"color: #333333;\"><i>So schnell wollte ich mich jedoch nicht geschlagen geben. Einmal wollte ich es noch versuchen und so legte ich meine ganze Kraft in diesen einen Ruf. In der ganzen Bergwelt sollte man mich h\u00f6ren und mein Ruf sollte die Berge durchdringen bis hinein zu den Dracheneiern und so sprach ich selbstbewusst und mit fester Stimme: <strong>\u201eIch, Kirwana, rufe die Dracheneier! Erwacht aus eurem Schlaf!\u201c<\/strong> Machtvoll war der Klang meiner Stimme und erfolgreich war mein Ruf.<\/i><\/span><\/h5>\n<h5><span style=\"color: #333333;\"><i>Aber hoppla, was war das? Wie hatte ich da gerufen? Verbl\u00fcfft wiederholte ich, was ich kurz zuvor gerufen hatte: &#8218;Ich, \u2018<strong>Kirwana\u2026!??<\/strong>\u2018 rufe die Dracheneier!&#8216; <\/i><i>Hmm\u2026 wer oder was war denn bitte Kirwana? Meine Gedanken kreisten. V\u00f6llig verwirrt \u00fcber mein Tun, lie\u00df ich den Namen mehrmals in mir klingen und sp\u00fcrte dabei in mich hinein, wie der Name in mir wirkte. Fast hatte ich das Gef\u00fchl, ich sei Kirwana. War ich jemals Kirwana? In einem fr\u00fcheren Leben vielleicht? Je mehr ich gr\u00fcbelte, desto gr\u00f6\u00dfer wurde das R\u00e4tsel. Nur bei einem war ich mir absolut sicher, Kirwanas Ruf wurde erh\u00f6rt. <\/i><\/span><\/h5>\n<h6><span style=\"color: #333333;\">\u00a0<\/span><\/h6>\n<p style=\"text-align: center;\"><span style=\"color: #333333;\">\u2665<\/span><\/p>\n<p><span style=\"color: #333333;\">\u00a0<\/span><\/p>\n<h3 style=\"text-align: center;\"><em><strong><span style=\"color: #333333;\">Junge Drachen<\/span><\/strong><\/em><\/h3>\n<p><span style=\"color: #333333;\">\u00a0<\/span><\/p>\n<h6><span style=\"color: #333333;\">Einfach, so wie aus dem Nichts, erklangen in meinen Kopf ein paar W\u00f6rter und sie stammten nicht von mir. Es war ein Ruf, an mich gerichtet. Ein Ruf von jungen Wesenheiten und mir war sofort klar, um welche es sich hier handelte. <strong><em>\u201eWir sind da!<\/em><\/strong>\u201c, erklang es nochmals in meinem Kopf und ich wusste, es war der Ruf der jungen Drachen, die nun aus ihren Dracheneiern geschl\u00fcpft waren. Vor knapp einem halben Jahr hatte ich sie gerufen und aufgefordert nun endlich aus ihrem Schlaf zu erwachen. Zur\u00fcckzukehren ins Leben, denn die Zeit der Drachen hier auf der Erde war nun wieder gekommen. Freudig nahm ich ihre Botschaft entgegen, denn sie zeigte mir, dass mein Ruf erfolgreich gewesen war. Doch was diese drei Worte f\u00fcr mich und meine Zukunft wirklich bedeuteten, konnte ich nicht erahnen. Nicht einmal in meiner k\u00fchnsten Fantsie h\u00e4tte ich mir das ertr\u00e4umen k\u00f6nnen, was nun auf mich zukommen sollte. So vernahm ich diese Botschaft zwar erfreut auf, aber ohne n\u00e4her darauf einzugehen. Ohne zu fragen, ohne an die Zukunft zu denken. Nur gl\u00fccklich dar\u00fcber, dass die jungen Drachen meinen Ruf erh\u00f6rt hatten.<\/span><\/h6>\n<h6 lang=\"de-DE\" align=\"CENTER\"><span style=\"color: #333333;\">~<\/span><\/h6>\n<h6><span style=\"color: #333333;\">Ebenso, wie mich vor ein paar Tagen der Ruf der jungen Drachen erreicht hatte, erklang nun in mir neuerlich ein Rufen, aber dieses Mal dr\u00e4ngender und fordernd: <em>\u201eNun k\u00fcmmere dich endlich um die jungen Drachen!\u201c<\/em><\/span><\/h6>\n<h6><span style=\"color: #333333;\">Verdutzt horchte ich auf. Wie war das? Was sollte ich tun? Mich endlich um die jungen Drachen k\u00fcmmern? Wie sollte das denn gehen? Verwirrt sch\u00fcttelte ich meinen Kopf und lauschte anschlie\u00dfend nochmals in mich hinein, ob ich vielleicht noch mehr Info dar\u00fcber kam. Doch leider blieb es still. Auch hier war mir sofort klar, von wem diese Worte stammten. Sie kamen nicht von den jungen Drachen \u2013 nein. Numerian hatte sie ausgesprochen. Aber wie ich mich als Mensch um junge, energetische Drachen k\u00fcmmern sollte, das sagte er mir nicht. Noch dazu um Drachen, die ich nicht mal richtig sehen konnte, die nur in energetischer Form hier auf der Erde weilten. Wie stellte er sich das denn vor? Numerian hatte wirklich Humor. Was wusste ich schon \u00fcber junge Drachen? Brauchten sie Nahrung? Ben\u00f6tigten energetische Wesen denn \u00fcberhaupt Nahrung? Suchten sie ein Zuhause? Oder\u2026? Sehr viele Fragezeichen! F\u00fcr meinen Geschmack eindeutig zu viele. So schob ich die Worte von Numerian beiseite, denn sie schienen mir undurchf\u00fchrbar und total absurd. Ja, nat\u00fcrlich hatte ich die Drachen gerufen, aber alles andere konnte ich mir beim besten Willen nicht vorstellen. Selbst nicht mal in meiner bl\u00fchendsten Fantasie.<\/span><\/h6>\n<h6 lang=\"de-DE\" align=\"CENTER\"><span style=\"color: #333333;\">~<\/span><\/h6>\n<h6><span style=\"color: #333333;\">Bei einem Seminar bot sich mir die Gelegenheit \u00fcber ein Medium bei der Geistigen Welt nachzufragen, wer denn Kirwana sei?<\/span><\/h6>\n<h6><span style=\"color: #333333;\">\u201e<i>Woher wei\u00dft du von diesem Namen?\u201c<\/i>, war die Gegenfrage von Lady Nada.<\/span><\/h6>\n<h6><span style=\"color: #333333;\">\u201eEr wurde mir w\u00e4hrend einer Meditation gegeben.\u201c, gab ich als Antwort zur\u00fcck, denn ich wollte nicht in aller \u00d6ffentlichkeit verk\u00fcnden, dass ich unter ihrem Namen die jungen Drachen gerufen hatte.<\/span><\/h6>\n<h6><span style=\"color: #333333;\">\u201e<i>Kirwana, ist eine sehr weise Wesenheit,\u201c<\/i>, kl\u00e4rte mich Lady Nada nun auf, <i>\u201edie bei dir eine Art Geistf\u00fchrerfunktion einnimmt.\u201c<\/i><\/span><\/h6>\n<h6><span style=\"color: #333333;\">Ein paar Wochen sollten vergehen bis mir bewusst wurde, wer Kirwana nun wirklich war. Langsam d\u00e4mmerte es mir, dass ich sie sehr, sehr gut kannte. Dass sie diejenige war, die ich regelm\u00e4\u00dfig besuchen ging und dass ich es liebte in ihrer Umarmung einzuschlafen. Nur wusste ich damals ihrem Namen noch nicht. Jeden Abend besuchte ich sie, um mich gen\u00fcsslich zu ihr ins Nest zu kuscheln. Um ihre liebevolle Energie, mit der sie mich einh\u00fcllte, in vollen Z\u00fcgen zu genie\u00dfen. Kirwana war jene Drachin, die mich jeden Abend mit so viel Liebe bei sich begr\u00fc\u00dfte.<\/span><\/h6>\n<h6 lang=\"de-DE\" align=\"CENTER\"><span style=\"color: #333333;\"><b>~<\/b><\/span><\/h6>\n<h6><span style=\"color: #333333;\">\u201e<i><b>Nun k\u00fcmmere dich endlich um die jungen Drachen!\u201c<\/b> <\/i><\/span><\/h6>\n<h6><span style=\"color: #333333;\">\u00dcberdeutlich vernahm ich Numerians Aufforderung. Die Letzte lag erst ein paar Tage zur\u00fcck. Doch dieses Mal lag eine Dringlichkeit in Numerians Stimme, die mich aufhorchen lie\u00df. Eine Dringlichkeit, die sagte: &gt;Es ist nun wirklich h\u00f6chste Zeit!&lt; Wenn Numerian so mit mir sprach, dann tat er es nicht grundlos. Ja, ich hatte die jungen Drachen in ihren Eiern gerufen und somit irgendeine Verantwortung \u00fcbernommen, dieses d\u00e4mmerte mir nunmehr langsam. Aber um welcher Art von Verantwortung handelte es sich hier? Was stellten sich die Drachen vor? \u2018K\u00fcmmern\u2019 sollte ich mich um die kleinen Drachen! Tja, aber wie sollte ich das machen? Wie k\u00fcmmert man sich um junge Drachen? Was verstand Numerian unter \u2018k\u00fcmmern\u2019?<\/span><\/h6>\n<h6><span style=\"color: #333333;\">Erneut sp\u00fcrte ich die Dringlichkeit seiner Worte und nur zu gerne wollte ich seiner Bitte nachkomme! Doch wie? Was sollte ich tun? Wie sollte ich beginnen? Vielleicht sollte ich einfach mal einen Versuch starten. Also, einfach mal drauf los, irgendwie ausprobieren und schauen, was passierte:<\/span><\/h6>\n<h6><span style=\"color: #333333;\"><i>Mein erster Weg f\u00fchrte mich in mein Herz, das erschien mir schon mal gut. Mein Herzen ist erf\u00fcllt mit einem prachtvolles Haus. In der gro\u00dfen Eingangshalle hei\u00dfe ich stets alle meine geistigen Freunde willkommen. Vor dem Haus breitet sich eine gro\u00dfe Wiese aus. Auf ihr bl\u00fchen duftende Blumen in allen Farben des Regenbogens. Desweiteren gibt es noch weite W\u00e4lder und verborgene Seen. All das ist eingeh\u00fcllt in das goldenen Licht einer warmen Sonne, die \u00fcber allem erstrahlt. Auf dieser meiner Herzenswiese stand ich nun und blickte suchend den weiten Himmel ab. Keinerlei Drachen waren zu sehen. Alles war ruhig und friedlich. Die V\u00f6gel zwitscherten und die Sonne streichelte z\u00e4rtlich w\u00e4rmend meine Haut. Doch wo waren die jungen Drachen? Gedanklich sandte ich ihnen meinen Ruf mit meiner Bitte entgegen, zu mir kommen.<\/i><\/span><\/h6>\n<h6><span style=\"color: #333333;\"><i>Sogleich erschienen am Himmel dunkle Punkte, die sich zusehends vergr\u00f6\u00dferten. Es schien, als h\u00e4tten die jungen Drachen nur auf meinen Ruf gewartet. Einer nach dem anderen landete geschickt vor mir im Gras. Insgesamt kamen zw\u00f6lf kleine Drachen. Bei ihrem Anblick jubelte mein Herz voller Freude und Tr\u00e4nen vor Gl\u00fcck standen pl\u00f6tzlich in meinen Augen. \u00dcbergl\u00fccklich trat ich zu ihnen, umarmte und liebkoste sie mit all meiner Liebe. Lange sa\u00dfen wir einfach nur zusammen auf meiner Wiese. Gesprochen wurde dabei nichts, aber das war auch nicht n\u00f6tig, denn \u00fcber unsere Herzen lief eine ganz andere Kommunikation.<\/i><\/span><\/h6>\n<h6><span style=\"color: #333333;\">Dieses war meine erste Begegnung mit den jungen Drachen und der Beginn einer neuen Freundschaft. Aber das war bei Weitem noch nicht alles, es war vor allem der Auftakt f\u00fcr eine gewaltige Ver\u00e4nderung in meinem Leben.<\/span><\/h6>\n<h6><span style=\"color: #333333;\">\u00a0<\/span><\/h6>\n<p lang=\"de-DE\" align=\"CENTER\"><span style=\"color: #333333;\"><b>~<\/b><\/span><\/p>\n<p lang=\"de-DE\" align=\"CENTER\"><span style=\"color: #333333;\">weiter geht&#8217;s mit<\/span><\/p>\n<p lang=\"de-DE\" align=\"CENTER\"><em><strong><span style=\"color: #333333;\"><a href=\"http:\/\/elindra.de\/?page_id=201\">Eine Reise nach Peru<\/a><\/span><\/strong><\/em><\/p>\n<h2 style=\"text-align: center;\"><span style=\"color: #333333;\"><em><strong>\u00a0 Elindra\u2019s Drachenwelten<\/strong><\/em><\/span><\/h2>\n<p style=\"text-align: center;\">www.elindra.de<\/p>\n<p><span class=\"Apple-style-span\" style=\"color: #333333;\">\u00a9 Inge Schmitzberger, Feburar 2008. Es ist erlaubt diesen Text zu verbreiten, solange er vollst\u00e4ndig und unver\u00e4ndert unter dem Namen des Autors, sein Copyright, seine Website: www.elindra.de und der Hinweis mit aufgef\u00fchrt wird.<\/span><\/p>\n","protected":false},"excerpt":{"rendered":"<p>. . Elindra&#8217;s Drachenwelten Inge Schmitzberger Dracheneier\u00a0 \u00a0 Erneut nahm ich auf meinen Stuhl platz und begab mich in meine eigene Meditation. All meine Alltagssorgen atmete ich mit mehreren tiefen Atemz\u00fcge aus und lie\u00df sie so weit hinter mir. So kam ich immer mehr in meinen inneren Frieden und zur Ruhe. Schlie\u00dflich verband ich mich mit meiner Seele und mit meinem Herzen, lie\u00df ihre Liebe in mir Raum nehmen und mein Herz weit werden. In meinen Gedanken betrat ich nun mein Herz und somit war ich nun auch v\u00f6llig eingeh\u00fcllt mit meiner Herzensliebe. Eingeh\u00fcllt und erf\u00fcllt mit der Liebe meiner&hellip;<\/p>\n","protected":false},"author":1,"featured_media":0,"parent":102,"menu_order":2,"comment_status":"closed","ping_status":"open","template":"","meta":[],"_links":{"self":[{"href":"https:\/\/elindra.de\/index.php?rest_route=\/wp\/v2\/pages\/164"}],"collection":[{"href":"https:\/\/elindra.de\/index.php?rest_route=\/wp\/v2\/pages"}],"about":[{"href":"https:\/\/elindra.de\/index.php?rest_route=\/wp\/v2\/types\/page"}],"author":[{"embeddable":true,"href":"https:\/\/elindra.de\/index.php?rest_route=\/wp\/v2\/users\/1"}],"replies":[{"embeddable":true,"href":"https:\/\/elindra.de\/index.php?rest_route=%2Fwp%2Fv2%2Fcomments&post=164"}],"version-history":[{"count":51,"href":"https:\/\/elindra.de\/index.php?rest_route=\/wp\/v2\/pages\/164\/revisions"}],"predecessor-version":[{"id":2499,"href":"https:\/\/elindra.de\/index.php?rest_route=\/wp\/v2\/pages\/164\/revisions\/2499"}],"up":[{"embeddable":true,"href":"https:\/\/elindra.de\/index.php?rest_route=\/wp\/v2\/pages\/102"}],"wp:attachment":[{"href":"https:\/\/elindra.de\/index.php?rest_route=%2Fwp%2Fv2%2Fmedia&parent=164"}],"curies":[{"name":"wp","href":"https:\/\/api.w.org\/{rel}","templated":true}]}}